1110120 - -1?
1210111110121
In base 13, what is 116b7 + -18?
1169c
In base 10, what is -7 + 6649?
6642
In base 14, what is 0 + 21d7a2?
21d7a2
In base 4, what is 2 - -3011301?
3011303
In base 8, what is 3 - -147656?
147661
In base 3, what is 20100212022 + -11?
20100212011
In base 15, what is -bd6b + -2?
-bd6d
In base 16, what is 28 + eceb?
ed13
In base 11, what is 15a26 + 0?
15a26
In base 2, what is 101 - -10100000110010111?
10100000110011100
In base 4, what is 1111112110 + 0?
1111112110
In base 2, what is -11 - 101111011011100000?
-101111011011100011
In base 6, what is 0 - 4403231?
-4403231
In base 4, what is -103120131 - -2?
-103120123
In base 4, what is -11 - 112323333?
-112330010
In base 10, what is 2057 + -1645?
412
In base 15, what is -5 - 545?
-54a
In base 11, what is a34a + -8?
a342
In base 13, what is 4 + -4248?
-4244
In base 16, what is 15df0 - 1?
15def
In base 6, what is -110052 - 51?
-110143
In base 8, what is -17334 + 164?
-17150
In base 3, what is -10012 - 10100020?
-10110102
In base 9, what is -5 + -407680?
-407685
In base 14, what is 0 - -7412?
7412
In base 6, what is 1140 + 5044?
10224
In base 7, what is 13610 - -54?
13664
In base 14, what is -a8 + -157?
-221
In base 2, what is 11111100001010 - 1?
11111100001001
In base 3, what is -1112 + 121111111?
121102222
In base 2, what is -1011010010111110010100 - -100?
-1011010010111110010000
In base 4, what is -221220 + -2011?
-223231
In base 14, what is -24b58 - 0?
-24b58
In base 5, what is 1311134 - -130?
1311314
In base 5, what is 21021 - -2024?
23100
In base 16, what is d9a - 30?
d6a
In base 16, what is -eb - 10b?
-1f6
In base 14, what is -13 - -4968a?
49677
In base 16, what is 5 + b39a?
b39f
In base 5, what is -3 + -234400?
-234403
In base 6, what is 111 + -10453?
-10342
In base 6, what is 2324 - 52?
2232
In base 3, what is 220 - 12121012?
-12120022
In base 15, what is 56bd7a + 1?
56bd7b
In base 8, what is -5 - -60515?
60510
In base 6, what is 325110 - 0?
325110
In base 8, what is -1260010 - 3?
-1260013
In base 3, what is -1000022 + -2122002?
-10122101
In base 4, what is 11023 + 132223?
203312
In base 5, what is 1 + -144024022?
-144024021
In base 15, what is -bb7c + 75?
-bb07
In base 7, what is -10 + -2560?
-2600
In base 15, what is -5 + -8733?
-8738
In base 9, what is 5373766 + 4?
5373771
In base 6, what is 10 + -20250023?
-20250013
In base 9, what is -120 + -6868?
-7088
In base 8, what is -5 + -122711?
-122716
In base 6, what is -1002 - -2314?
1312
In base 13, what is 4 - -16bca?
16c01
In base 6, what is -1215503 - -52?
-1215411
In base 9, what is -6342 - -88?
-6243
In base 3, what is 110220022202 + -2?
110220022200
In base 4, what is -13 - -1101111?
1101032
In base 2, what is -11111010100101001100 + 10?
-11111010100101001010
In base 9, what is -408312 + 2?
-408310
In base 2, what is 10101001100 + 0?
10101001100
In base 10, what is 21787 + -1?
21786
In base 6, what is 21312 + -252?
21020
In base 2, what is -10111100010111001 + -100?
-10111100010111101
In base 16, what is 1 + 8857?
8858
In base 16, what is -46f - -2?
-46d
In base 8, what is -3 - -3305?
3302
In base 8, what is 2 + -20226?
-20224
In base 8, what is -614 - 1011?
-1625
In base 8, what is -13705 - 255?
-14162
In base 4, what is -1102 - -2003?
301
In base 11, what is -12053 - -3?
-12050
In base 5, what is -422 - 1033?
-2010
In base 15, what is -14 + -acd?
-ae2
In base 12, what is -4 - -5235?
5231
In base 8, what is 116450 + 5?
116455
In base 14, what is -2 - 7170?
-7172
In base 8, what is 15736 - -21?
15757
In base 10, what is 86568 + -1?
86567
In base 15, what is 177 - 4d1?
-359
In base 7, what is -520 - -1346?
526
In base 2, what is 1001 - -10101010000011011?
10101010000100100
In base 5, what is -121 - -131204?
131033
In base 11, what is 46 + -3454a?
-34504
In base 12, what is -7b3522 + 4?
-7b351a
In base 8, what is 4161503 + -1?
4161502
In base 16, what is 7 + ada?
ae1
In base 12, what is 48 + -937?
-8ab
In base 8, what is -57657 + 13?
-57644
In base 16, what is -c3 + -87b?
-93e
In base 15, what is 6 + 1c9?
1d0
In base 13, what is 1c623 - -3?
1c626
In base 14, what is 389 + -8d?
2da
In base 5, what is 120221 - -4?
120230
In base 7, what is 16 + 2451?
2500
In base 7, what is -5 - -263604?
263566
In base 7, what is 51 - 161360?
-161306
In base 5, what is -31041 - 111?
-31202
In base 11, what is 3 - -33a234?
33a237
In base 2, what is -111101010 - 11?
-111101101
In base 14, what is 9 - 72c8?
-72bd
In base 16, what is 2 + 11ea?
11ec
In base 5, what is -31 + 240430?
240344
In base 4, what is -10012121 - -1100?
-10011021
In base 2, what is -1100110010 + 1011101?
-1011010101
In base 2, what is -1110110010110 + -11100?
-1110110110010
In base 10, what is -18119 - 2?
-18121
In base 12, what is 469 + 242?
6ab
In base 7, what is 1561516 + 3?
1561522
In base 15, what is 898 + 3?
89b
In base 13, what is -1070 - 3c?
-10ac
In base 6, what is 204410 + -11?
204355
In base 8, what is 301 - 5457?
-5156
In base 12, what is 4130 + -5?
4127
In base 8, what is 157 + -752?
-573
In base 2, what is 110100110100101 - 1001?
110100110011100
In base 13, what is 32a63 - -2?
32a65
In base 5, what is 10 - 432220?
-432210
In base 10, what is -7215 + 2?
-7213
In base 11, what is 4087 + -6?
4081
In base 14, what is b093 + -2?
b091
In base 12, what is -4 - 8b9499?
-8b94a1
In base 5, what is 1342031 + 2?
1342033
In base 5, what is 3001 + -1031224?
-1023223
In base 13, what is 23c - b6c?
-930
In base 2, what is -10001000011 - -11010?
-10000101001
In base 11, what is 534a + 6?
5355
In base 3, what is -222101010 + 101?
-222100202
In base 8, what is 3003 - -511?
3514
In base 7, what is 11546263 + -5?
11546255
In base 10, what is 1 + -12270?
-12269
In base 14, what is -7d5 - -14?
-7c1
In base 8, what is 2 + 1445167?
1445171
In base 15, what is -5a3 - 2d?
-5d1
In base 11, what is 5 + 2a349?
2a353
In base 12, what is 7 + -104?
-b9
In base 13, what is -68582 - 4?
-68586
In base 5, what is 40 + 4044132?
4044222
In base 5, what is -10 + 110412301?
110412241
In base 3, what is -12 + -210112200?
-210112212
In base 6, what is -12 - -23?
11
In base 15, what is -136 + 118?
-1d
In base 8, what is 704064 + 1?
704065
In base 4, what is 3 - 10113330112?
-10113330103
In base 8, what is 703 + -101?
602
In base 4, what is -30 + -10210?
-10300
In base 5, what is -10114232 + -23?
-10114310
In base 9, what is -3763 - 133?
-4006
In base 4, what is -32 + -3112001?
-3112033
In base 15, what is -a7 + -191?
-248
In base 9, what is -7228737 + 3?
-7228734
In base 6, what is -24235 - -11?
-24224
In base 4, what is 3 - 3031312333?
-3031312330
In base 11, what is 6 - 2861?
-2856
In base 4, what is 1313 - 20113?
-12200
In base 3, what is 11010200102 - 1?
11010200101
In base 6, what is -453235 + 1?
-453234
In base 15, what is 43c3 + 2?
43c5
In base 5, what is -41 - 102332?
-102423
In base 3, what is -12111201 + 20?
-12111111
In base 4, what is 11 + 22020301?
22020312
In base 8, what is 6 + -725433?
-725425
In base 5, what is 4133 - -14332?
24020
In base 4, what is -10 - -221232?
221222
In base 15, what is 5b91 - 12?
5b7e
In base 5, what is 311024 + -13?
311011
In base 3, what is 200112 - 220?
122122
In base 4, what is 103 + -111300312?
-111300203
In base 2, what is 1010111101 + -100111011110?
-11100100001
In base 3, what is -100221200 - 21110?
-101020010
In base 14, what is -28c4 - 132?
-2a16
In base 4, what is -11 + 1322022?
1322011
In base 9, what is 6384 - -6?
6401
In base 13, what is 5 + c8b9?
c8c1
In base 9, what is -57258 + 13?
-57245
In base 15, what is a65cb - 5?
a65c6
In base 3, what is 11 - -10222101220?
10222102001
In base 3, what is -12 - 111111020202?
-111111020221
In base 16, what is -586 + -540?
-ac6
In base 8, what is 27174 - 2?
27172
In base 3, what is 10102011202220 + 11?
10102011210001
In base 14, what is 802 - c?
7d4
In base 10, what is 5 + -223105?
-223100
In base 15, what is 29b + 48?
2e4
In base 15, what is 24c + -a1?
19b
In base 13, what is -305aa + 5?
-305a5
In base 15, what is 231 - 38?
1e8
In base 14, what is 4 - ba50?
-ba4a
In base 11, what is -5907 - -82?
-5835
In base 14, what is -143 - 1ba7?
-1d0a
In base 6, what is 1245254 - 13?
1245241
In base 7, what is 3 + -1505225?
-1505222
In base 11, what is -10 - 323?
-333
In base 11, what is -6 - -927?
921
In base 